at is the tens digit of 1144?
4
What is the hundreds digit of 52659?
6
What is the tens digit of 16101?
0
What is the hundreds digit of 4407?
4
What is the units digit of 7969?
9
What is the hundreds digit of 2345?
3
What is the units digit of 6030?
0
What is the tens digit of 3259?
5
What is the thousands digit of 92307?
2
What is the hundred thousands digit of 105916?
1
What is the units digit of 3577?
7
What is the tens digit of 770?
7
What is the hundreds digit of 330?
3
What is the units digit of 37096?
6
What is the tens digit of 3271?
7
What is the hundreds digit of 435?
4
What is the hundreds digit of 52347?
3
What is the thousands digit of 4817?
4
What is the units digit of 9077?
7
What is the thousands digit of 2907?
2
What is the hundreds digit of 3019?
0
What is the tens digit of 3966?
6
What is the tens digit of 7418?
1
What is the hundreds digit of 729?
7
What is the ten thousands digit of 21805?
2
What is the hundreds digit of 40724?
7
What is the tens digit of 13732?
3
What is the tens digit of 1117?
1
What is the thousands digit of 85574?
5
What is the ten thousands digit of 36115?
3
What is the tens digit of 539?
3
What is the thousands digit of 5448?
5
What is the units digit of 65317?
7
What is the units digit of 1060?
0
What is the tens digit of 3137?
3
What is the hundreds digit of 2517?
5
What is the units digit of 489?
9
What is the tens digit of 157?
5
What is the units digit of 4400?
0
What is the hundreds digit of 18132?
1
What is the hundreds digit of 7530?
5
What is the units digit of 7527?
7
What is the tens digit of 4255?
5
What is the thousands digit of 7517?
7
What is the ten thousands digit of 13025?
1
What is the units digit of 52546?
6
What is the thousands digit of 8324?
8
What is the hundreds digit of 5285?
2
What is the thousands digit of 22286?
2
What is the thousands digit of 75199?
5
What is the tens digit of 484?
8
What is the hundreds digit of 1190?
1
What is the hundreds digit of 60163?
1
What is the ten thousands digit of 42620?
4
What is the hundreds digit of 729?
7
What is the tens digit of 8960?
6
What is the tens digit of 46?
4
What is the units digit of 705?
5
What is the units digit of 8673?
3
What is the hundreds digit of 46333?
3
What is the ten thousands digit of 45447?
4
What is the units digit of 9000?
0
What is the tens digit of 57532?
3
What is the units digit of 316?
6
What is the tens digit of 104185?
8
What is the tens digit of 936?
3
What is the hundreds digit of 3701?
7
What is the thousands digit of 1531?
1
What is the tens digit of 1145?
4
What is the units digit of 8674?
4
What is the thousands digit of 8918?
8
What is the tens digit of 61002?
0
What is the hundreds digit of 1619?
6
What is the tens digit of 3596?
9
What is the thousands digit of 47082?
7
What is the ten thousands digit of 10473?
1
What is the tens digit of 1531?
3
What is the tens digit of 19964?
6
What is the tens digit of 47088?
8
What is the thousands digit of 32250?
2
What is the units digit of 56682?
2
What is the thousands digit of 4970?
4
What is the tens digit of 555?
5
What is the thousands digit of 32547?
2
What is the tens digit of 9343?
4
What is the hundreds digit of 43256?
2
What is the units digit of 2517?
7
What is the hundreds digit of 987?
9
What is the hundreds digit of 62141?
1
What is the thousands digit of 26011?
6
What is the hundreds digit of 1197?
1
What is the hundreds digit of 11977?
9
What is the tens digit of 49913?
1
What is the hundreds digit of 12805?
8
What is the thousands digit of 69013?
9
What is the tens digit of 4892?
9
What is the tens digit of 52377?
7
What is the hundreds digit of 1181?
1
What is the units digit of 448?
8
What is the tens digit of 1300?
0
What is the tens digit of 3446?
4
What is the hundreds digit of 2821?
8
What is the hundreds digit of 348?
3
What is the hundreds digit of 481?
4
What is the hundreds digit of 22077?
0
What is the tens digit of 21868?
6
What is the units digit of 1697?
7
What is the units digit of 380?
0
What is the tens digit of 11103?
0
What is the tens digit of 598?
9
What is the tens digit of 1201?
0
What is the hundreds digit of 76562?
5
What is the hundreds digit of 11692?
6
What is the units digit of 74220?
0
What is the thousands digit of 177159?
7
What is the units digit of 645?
5
What is the units digit of 95684?
4
What is the ten thousands digit of 26529?
2
What is the thousands digit of 19380?
9
What is the tens digit of 96034?
3
What is the tens digit of 26173?
7
What is the hundreds digit of 47848?
8
What is the thousands digit of 3593?
3
What is the units digit of 10611?
1
What is the units digit of 15059?
9
What is the units digit of 843?
3
What is the thousands digit of 2856?
2
What is the thousands digit of 40443?
0
What is the tens digit of 15148?
4
What is the hundreds digit of 1284?
2
What is the hundreds digit of 955?
9
What is the ten thousands digit of 25673?
2
What is the hundreds digit of 33751?
7
What is the units digit of 1412?
2
What is the tens digit of 15233?
3
What is the hundreds digit of 63873?
8
What is the hundreds digit of 3413?
4
What is the units digit of 18498?
8
What is the units digit of 3451?
1
What is the units digit of 1162?
2
What is the tens digit of 404?
0
What is the tens digit of 689?
8
What is the tens digit of 2824?
2
What is the units digit of 3075?
5
What is the hundreds digit of 771?
7
What is the hundreds digit of 102?
1
What is the tens digit of 27051?
5
What is the units digit of 4650?
0
What is the ten thousands digit of 59958?
5
What is the units digit of 3041?
1
What is the units digit of 1295?
5
What is the tens digit of 14052?
5
What is the units digit of 281?
1
What is the tens digit of 521?
2
What is the tens digit of 46793?
9
What is the units digit of 323?
3
What is the units digit of 7818?
8
What is the tens digit of 1003?
0
What is the tens digit of 770?
7
What is the thousands digit of 77634?
7
What is the tens digit of 73195?
9
What is the units digit of 4489?
9
What is the hundreds digit of 36762?
7
What is the ten thousands digit of 139885?
3
What is the hundreds digit of 71626?
6
What is the units digit of 8721?
1
What is the hundreds digit of 7300?
3
What is the tens digit of 2495?
9
What is the tens digit of 24223?
2
What is the ten thousands digit of 122574?
2
What is the tens digit of 43?
4
What is the thousands digit of 1853?
1
What is the tens digit of 1629?
2
What is the hundreds digit of 11769?
7
What is the thousands digit of 6940?
6
What is the ten thousands digit of 18391?
1
What is the thousands digit of 59430?
9
What is the units digit of 31837?
7
What is the hundreds digit of 47521?
5
What is the tens digit of 2913?
1
What is the units digit of 624?
4
What is the tens digit of 43402?
0
What is the tens digit of 4377?
7
What is the hundreds digit of 2125?
1
What is the hundreds digit of 11499?
4
What is the units digit of 321?
1
What is the thousands digit of 19436?
9
What is the tens digit of 2142?
4
What is the hundreds digit of 77612?
6
What is the tens digit of 8888?
8
What is the ten thousands digit of 91971?
9
What is the tens digit of 1986?
8
What is the tens digit of 1749?
4
What is the tens digit of 834?
3
What is the hundreds digit of 343?
3
What is the units digit of 86699?
9
What is the tens digit of 118048?
4
What is the hundreds digit of 1047?
0
What is the ten thousands digit of 11782?
1
What is the hundreds digit of 222?
2
What is the hundreds digit of 640?
6
What is the hundreds digit of 1029?
0
What is the units digit of 1150?
0
What is the ten thousands digit of 17554?
1
What is the units digit of 12786?
6
What is the hundreds digit of 64053?
0
What is the hundreds digit of 8899?
8
What is the units digit of 94871?
1
What is the tens digit of 7018?
1
What is the thousands digit of 13832?
3
What is the tens digit of 83?
8
What is the ten thousands digit of 11414?
1
What is the thousands digit of 51686?
1
What is the units digit of 5027?
7
What is the hundreds digit of 1988?
9
What is the units digit of 4365?
5
What is the tens digit of 553?
5
What is the ten thousands digit of 99309?
9
What is the tens digit of 3054?
5
What is the ten thousands digit of 58865?
5
What is the ten thousands digit of 44893?
4
What is the ten thousa